2) + o/(-8). Suppose 2*j = -b + 394 - 17, -b + 5*j + 377 = h. Is b a composite number?
True
Let d(w) = w**3 - 9*w**2 + 10*w - 6. Let x be d(5). Let q = x + 66. Is q a composite number?
True
Suppose 0 = b + 2*l + 2, 1 - 9 = 3*b + 5*l. Let n(h) = 5*h**2 + 5*h + 3. Let f be n(b). Suppose 0 = o + 40 - f. Is o a prime number?
True
Let r(s) be the first derivative of s**3/3 + 186*s - 2. Let i be r(0). Is (6/(-18))/((-2)/i) a composite number?
False
Let f = 15 + -10. Let d(a) = a**3 - 2*a**2 - 3*a + 11. Let z be d(10). Suppose z = f*k - 264. Is k prime?
False
Let v(b) = b**2 - 10*b + 2. Let l be v(10). Suppose l*y - 511 = 127. Is y composite?
True
Let h be 8/(-4) - -2 - -3047. Suppose 7*x = h - 114. Is x a prime number?
True
Suppose 0 = n + 1439 - 6420. Is n composite?
True
Suppose 5 = -5*a - 5. Let c(n) = -176*n + 1. Is c(a) composite?
False
Let r = 42469 - 18028. Is r prime?
False
Let p = -2561 + 5064. Is p a prime number?
True
Let t(z) = z**3 + 13*z**2 - 14*z - 8. Let y be t(-14). Let f = y - -27. Is f prime?
True
Suppose 53 + 185 = -17*a. Let c(z) = 7*z**3 + 33*z**2 - 31*z - 6. Let u(s) = 3*s**3 + 16*s**2 - 15*s - 3. Let k(y) = -2*c(y) + 5*u(y). Is k(a) a prime number?
True
Let l(z) = -5*z**2 - 15*z - 33. Let s(m) = 4*m**2 + 15*m + 34. Let w(v) = -3*l(v) - 2*s(v). Is w(18) a composite number?
True
Let q be (0 - (3 - 5)) + 108. Let r = q + -185. Is (381/9)/((-5)/r) prime?
False
Suppose -4*g - 3*u = -27554, -5*u = g - 0*u - 6897. Is g composite?
True
Suppose 2*s - 49292 = -4*u, 78621 - 17006 = 5*u + s. Is u composite?
False
Let c be -3674*(10/4 + -3). Let v = -490 + c. Is v composite?
True
Let b be (8/6)/(4/(-318)). Let n = b - -885. Is n composite?
True
Let z(u) = 2*u**2 - 8*u - 2. Let d be z(4). Let f = -4 + d. Is (-2790)/(-22) - f/33 a prime number?
True
Let s = 8460 + 3742. Is s prime?
False
Let k be (1*-24)/(2/10). Suppose -555 = 5*q - 2*q + l, -4*q + 3*l - 740 = 0. Let o = k - q. Is o prime?
False
Suppose -94*t + 59*t + 2657795 = 0. Is t a composite number?
False
Suppose 0 = -h + 3*o + 83168, 2*h + 5*o = 6*h - 332693. Is h a composite number?
False
Suppose 23*s - 5406 = 17*s. Is s composite?
True
Suppose 3228 = 4*k - 2*d - 1330, 5*d - 2273 = -2*k. Is k prime?
False
Let z = 19321 - 13398. Is z a prime number?
True
Let l = -27 - -24. Let r(d) = d**3 + 5*d**2 + 5*d + 3. Let k be r(l). Let o(c) = -c**2 + 23*c - 8. Is o(k) prime?
False
Let x(i) = i**3 - 7*i**2 - 7*i - 31. Let c be x(12). Let g be 7*1 - (0 + 1). Suppose 0 = -g*t + t + c. Is t composite?
True
Let w be 1/(-4) - 68/(-16). Suppose -w*j + 178 = -2*h - 824, -4*j + 3*h = -997. Is j a prime number?
False
Let h be ((-2)/6)/((-4)/72). Let m be ((-2)/h)/(1/(-36)). Is -3452*(m/(-4))/12 a composite number?
False
Let a(k) = -249*k - 8. Let j(g) = g + 1. Let t(p) = -a(p) + 4*j(p). Is t(5) a prime number?
True
Let p(r) = 110*r. Let l be p(7). Let u = l + 317. Is u composite?
False
Let n(r) = -704*r**3. Let p be n(-1). Let y = p + -169. Is (-4)/(-12)*(y - 4) composite?
True
Suppose 2*d + 2*q + 3059 = -d, 2*d + 3*q + 2031 = 0. Let o = d + 1564. Is o prime?
True
Let i = 25811 - -11276. Is i a composite number?
False
Suppose 5*v + 156 = 2*t, -5*t + 54 = v - 336. Let u(p) = -p + 2. Let m be u(0). Suppose -m*o - o = -t. Is o a prime number?
False
Suppose -6*i + 5*i + 3*r = 2, -i + r + 6 = 0. Is (25/i + -3)*-46 composite?
False
Let i(o) = 122*o**3 + 4*o**2 - 20*o - 3. Is i(4) a composite number?
False
Let i be (-171)/399 - ((-6030)/7 - 0). Let u = i - -28. Is u a composite number?
True
Let p be 5/40*28 - 1/2. Suppose -10261 = -5*u + z, -p*u + 2*z - 7*z + 6179 = 0. Is u prime?
True
Let c be 5/((-10)/(-536)) + 1. Suppose 0 = -2*g - 3*f + c, f = -6*g + g + 640. Is g a composite number?
False
Suppose 4*n - 9*n + 80 = 0. Suppose n*w + 8 = 18*w. Suppose -8*v + w*v + 380 = 0. Is v a composite number?
True
Suppose 2*p + 3*p = -225. Let t be (-132)/(-2) - (14 - 14). Let h = t - p. Is h a prime number?
False
Let v = -128 - -267. Let z = 864 + v. Is z a composite number?
True
Suppose 1114 = 2*v + 102. Suppose 0 = 4*l + 2*g - v, 2*g + 181 + 202 = 3*l. Is l a composite number?
False
Suppose 2*t = 5*u - 97203, 2*t - 58309 = -5*u + 2*u. Is u composite?
True
Suppose 3*b - 14043 = -3*o + 42453, 3*b = 9. Is o prime?
False
Let o(f) = 292*f**3 - 2*f + 3. Is o(1) prime?
True
Suppose 5*w = -q - q + 4310, 0 = 3*w + q - 2586. Is w a composite number?
True
Let b = 316 - 588. Let a = b - -421. Is a composite?
False
Suppose 10*v - 2*f = 5*v - 61, 2*v = 4*f - 18. Let c(h) = -70*h - 9. Is c(v) composite?
True
Suppose -14*b - 48 = 8. Is 0 - b - 2805/(-11) composite?
True
Let c(o) = o**3 + 4*o**2 + 2. Let r be c(-4). Suppose -r*h - 207 + 635 = 0. Is h a composite number?
True
Suppose -106540 = -255*f + 235*f. Is f a prime number?
False
Suppose 7 = -2*n + n. Let s(o) = -41*o**2 - o - 2. Let x(w) = -82*w**2 - 2*w - 5. Let v(z) = n*s(z) + 3*x(z). Is v(3) a composite number?
True
Let l = 40063 + 5116. Is l a composite number?
False
Suppose 0*c + t = 3*c - 4019, 0 = -c - 4*t + 1331. Is c a prime number?
False
Is (-1 - -3)*(-18272)/(-64) a prime number?
True
Suppose 49*f - 52258 - 54219 = 0. Is f prime?
False
Let n(z) = -3*z - 4. Let j be n(-3). Suppose -4 = -11*x + 9*x. Suppose x*t + l - 1827 = 0, -j*t + 4535 = -l - 3*l. Is t prime?
True
Suppose 2*u - 64 = 2*s + 3*s, 0 = -4*s - 4*u - 40. Is 1100/8 - s/8 a composite number?
False
Let x(o) = -144*o + 7. Let v(p) = -p - 1. Let u(z) = -6*v(z) - x(z). Let t(d) = -2*d**2 + 27*d - 12. Let q be t(13). Is u(q) prime?
True
Let n(k) = k**2 + 3*k + 4. Let y be n(-5). Suppose 5*q = 4*j - 157, -2*q = -j + y + 26. Is j a prime number?
False
Suppose -f - 10 = -l - 3*f, -4*f = -l + 16. Let h = l - 5. Is h composite?
False
Let i = 850 + 27. Is i composite?
False
Let x(p) = -50996*p - 19. Is x(-1) a prime number?
False
Suppose 0 = h + 2*v + 135 + 268, -2*h - 830 = -4*v. Let r be 4/10 + (-16440)/(-25) - -4. Let w = r + h. Is w composite?
True
Let z(a) be the second derivative of -19*a**5/60 - a**4/24 - 5*a**3/6 + a. Let p(l) be the second derivative of z(l). Is p(-1) a prime number?
True
Let v(k) = 3*k**3 - 4*k**2 - 2*k + 1. Let i be v(2). Suppose -6755 + 1710 = -i*b. Is b prime?
True
Suppose 0*j = -2*u + 4*j + 16, 25 = -5*j. Let o be u + -1 + 4 - -530. Suppose 113 + o = 4*c. Is c prime?
False
Let y be 2/6 - (-1309)/33. Let f be (4/(-10))/((-4)/y). Suppose f*j - 20 = 872. Is j a prime number?
True
Suppose 3*q - 5670 = 3*v, -2*v - v = 3*q + 5646. Is ((-12)/(-30))/(-2) - v/5 composite?
True
Let d be ((-70)/(-4) + -1)*118. Suppose 7*g - d = 2*g + k, -3*k = 5*g - 1939. Is g a composite number?
False
Suppose 2*s = -3*s + 25. Suppose 0 = s*a - 4998 + 1878. Suppose -2*f + 5*r = -a, r + 2*r - 323 = -f. Is f a composite number?
False
Let n(d) = -d**3 + 3*d + 1138. Is n(0) a composite number?
True
Let d be (-1162)/(-22) + (-4)/(-22). Suppose 10*s + d = 11*s. Let y = 102 - s. Is y a prime number?
False
Suppose 0 = 9*q - 13*q - 180. Suppose -5*s + n + 2*n = -422, -4*s = -5*n - 348. Let p = s + q. Is p composite?
False
Suppose 5*g = z + 6, -7 = -4*z + 4*g + 1. Suppose 0 = z*a + x - 327, -2*x = x + 15. Is a composite?
False
Let b(r) = r**3 - 6*r**2 - r - 5. Let v be b(6). Let i = v - -17. Suppose 0 = q - i - 3. Is q composite?
True
Let z be (2 + -1 + -1)/2. Suppose 5*o + 2*x + 10 = z, 4*o - 10 = 5*x - 3*x. Suppose o = -3*v + 6, 4*m + 5*v = 180 - 22. Is m a prime number?
True
Let d be (-1 + 0)/(-2 + 2315/1158). Let n = d + 95. Is n a composite number?
True
Let b(y) be the second derivative of -6*y**5/5 + 5*y**4/12 + y**3 + y**2 + y - 1. Is b(-3) a composite number?
False
Suppose -o - 777 = 3*o - 5*t, 3*o + 580 = t. Let w = -135 - o. Suppose 4*p = -w + 414. Is p composite?
False
Let d(b) = b**3 - 17*b**2 - 85*b - 36. Is d(25) prime?
False
Suppose -323*j - 38922 = -329*j. Is j a prime number?
False
Suppose 3*r = 4*a - 8*a + 19175, 0 = 2*r - a - 12765. Is r a prime number?
False
Let k(x) = 5*x + 10. Suppose 0 = -2*j + 5*h - 4*h + 17, -4*h + 13 = j. Is k(j) prime?
False
Let b(u) = 51*u**3 + 11*u**2 + 11. Is b(5) prime?
True
Suppose 3*y + 24961 = 4*k, 2*y = 4*k - 7464 - 17498. Is k composite?
True
Let r(g) = 16*g**2 - 2*g + 1. Is r(-12) composite?
True
Suppose 0 = -2*o + 2*f, -4*f + 2*f - 6 = -4*o. Is (34 + -5)*(o + 0) prim